ns digit of 81/4 - (-6)/u?
2
Let k = -18 + 12. Let m(y) = y**3 + 5*y**2 - 6*y - 3. Let q be m(k). What is the units digit of 170/8 + q/12?
1
Suppose -5*j - h + 107 = 0, 4*j - 3*h = -0*h + 78. Let g = j - 9. What is the tens digit of 35 + g - 8/(-2)?
5
Let m(x) be the second derivative of x**5/60 + x**4/3 + 4*x**3/3 - 5*x**2/2 - 5*x. Let z(b) be the first derivative of m(b). What is the units digit of z(-8)?
8
Let l(n) be the first derivative of -n**2/2 + 13*n + 8. Let o be l(9). Suppose -2*h + 0*h - o*u = -106, 3*u = -12. What is the units digit of h?
1
Suppose 0 = p - 3, -g = -4*p - 135 + 1. What is the tens digit of g?
4
Let a be 2/1*(-58)/(-4). Suppose -j = 3*z + 3*j - a, -z - 4*j = -23. Suppose 0 = -5*g - 3*y + 78, 0*g + 2*y = -z*g + 47. What is the units digit of g?
5
What is the hundreds digit of 1*((-3635)/(-5) - -3)?
7
Let s = 2206 + -1073. What is the tens digit of s?
3
Let j be (11 - -1)*1/3. What is the tens digit of 62 + (j + -3)*-4?
5
Let y = -170 - 1. Let i = -84 - y. What is the tens digit of i?
8
Let y = -73 + 926. What is the tens digit of y?
5
Let i = -27 - -27. Suppose i = -3*r - 2*m + 60, 3*r + 5*m = m + 60. What is the units digit of r?
0
Suppose -5*f + 3*f = -16. Let t be (-3)/(2 + (-17)/f). Suppose 3*a - t = -3. What is the units digit of a?
7
Let u = -902 + 1351. Suppose -4*o = -3*w - u, 0 = 5*o + 4*w - 0*w - 538. What is the hundreds digit of o?
1
Let p(k) = -k**2 - k - 1. Let c be p(-1). Let x be (c/(-3))/((-2)/(-6)). Suppose r - 7 = -x. What is the units digit of r?
6
Let n(z) = z**3 + 5*z**2 + z + 4. Let a = -13 - -19. Suppose -a = x + x. What is the units digit of n(x)?
9
Let z(n) = 38*n + 5. Let u be z(2). Let f = u - 44. What is the tens digit of f?
3
Let r(a) = a**3 - 8*a**2 + 2*a - 15. Let v be r(8). Suppose -c + v = -70. What is the units digit of c?
1
Suppose -18*q + 7989 + 5943 = 0. What is the units digit of q?
4
Let z(w) = -w**3 - 14*w + 5*w**2 + 18*w + 6*w**2 - 14. What is the tens digit of z(11)?
3
Let v(i) = -137*i**3 - i**2 - i - 1. Suppose -7 + 8 = -n. What is the hundreds digit of v(n)?
1
Let v be (-2 + 1)/(5/(-5)). What is the units digit of (19 + v)*(-108)/(-30)?
2
Suppose -b = -6*b + 10. Let r(a) = a + b*a**3 + 0 + 2*a**2 - 3 + 2*a. What is the units digit of r(2)?
7
Suppose -3174 = -17*o - 760. What is the units digit of o?
2
Suppose -4*j - 8 = -3*r, -j = 4*r + 2*j - 44. Suppose -3*v = -r*v. Suppose 3*w = -v*w + 90. What is the units digit of w?
0
Let q(j) = -j**2 - 26*j - 21. Let g be q(-18). Suppose 3*p - g = -2*y, -5*y - 5*p + 4*p + 288 = 0. Suppose y = 5*n - 303. What is the units digit of n?
2
Suppose -n = -5*d - 5*n + 423, 4*d - 342 = -2*n. Let g = 15 + d. What is the tens digit of g?
0
Suppose 2*w - 85 - 49 = 0. Let o = 234 - 115. Let s = o - w. What is the units digit of s?
2
Let c = -42 + 105. Let a = -57 + c. What is the units digit of a?
6
Let s(r) = 24 - 2*r - 37 + 3*r**2 + 17 - 2*r**2. What is the units digit of s(2)?
4
Let s = 59 - 57. Suppose -s*f = -4*w - 18, 8*f - 4*f - 4*w - 52 = 0. What is the units digit of f?
7
Let n = 8 - 39. Let o = n - -41. What is the units digit of o?
0
Let k(d) = -d + 2. Let u be k(3). Let o be (9 + -10)/(u/90). Suppose -5*v = -2*x - o, 3*v = 3*x + 2*x + 54. What is the tens digit of v?
1
Suppose 0 = 13*g - 8 - 2800. What is the tens digit of g?
1
Suppose -4*j + j - 5*z + 136 = 0, j - 40 = -3*z. Suppose 4*b - j = 3*g - 5*g, -b + 83 = 4*g. What is the units digit of g?
0
Let w be (-4)/22 + (-488)/(-22). Let h(r) = -r**3 + 8*r**2 - 2*r - 2. Let m be h(6). Suppose 5*n = m + w. What is the units digit of n?
6
Let f(b) = 2*b**2 + b. Let v be f(2). Let o(h) be the third derivative of h**5/60 - 3*h**4/8 - h**3 + 2*h**2. What is the units digit of o(v)?
4
Let k = 1765 - -3088. What is the tens digit of k?
5
Let f = 3 + -3. Suppose r = -f*n - 3*n + 67, 5*r + 145 = 5*n. What is the units digit of 1*(-1 + 0) + n?
3
Let b(n) = 6*n**2 - 2*n. Suppose -3*w = 1 + 8. What is the units digit of b(w)?
0
Suppose -k - 217 = -773. What is the units digit of k?
6
Suppose 0 = -c + 1, 5*l + 0*c - 2*c - 28 = 0. Suppose t + 2*m - 10 = 6*t, 0 = -3*t - m - l. What is the units digit of (-605)/(-33) - t/(-6)?
8
Let y be 146/((12/(-3))/2). Let c = -52 - y. Let w = c - 12. What is the units digit of w?
9
Suppose 10 = i - 3*o, -5*o - 2 = 3*i - i. Suppose -47 = -i*d + 9. What is the units digit of d?
4
Let t(v) be the first derivative of -v**4/4 + 7*v**3/3 + 15*v**2/2 - 12*v - 47. What is the units digit of t(8)?
4
What is the hundreds digit of 14/(-7)*(-15603)/14?
2
Let x(t) = 8*t**2 - 2*t - 1. Let w(o) = -o - 7. Let k be w(-4). What is the tens digit of x(k)?
7
Let o be ((2 - 1) + 1 - 3) + 6. Suppose 0*r - 39 = -4*y - 3*r, 0 = -3*y + o*r + 22. What is the units digit of y?
9
Let i(r) = -r**3 - 5*r**2 + 14. Suppose 0 = -2*w + 6*s - 4*s - 12, 0 = 5*w + 5*s + 30. What is the tens digit of i(w)?
5
What is the thousands digit of (20/6)/((-11)/111969*-18)?
1
Let s = -2842 + 4944. What is the hundreds digit of s?
1
Suppose 11*d - 622 = 3107. What is the hundreds digit of d?
3
Suppose -3*m + 0*m = -78. Let k = 265 + -249. Let y = m - k. What is the tens digit of y?
1
Suppose -490*g + 478*g + 21252 = 0. What is the hundreds digit of g?
7
Let n(w) = 268*w**2 + 2*w - 8. What is the thousands digit of n(2)?
1
Suppose -12 = -4*p + w, 0 = 3*p + 2*p - w - 15. What is the units digit of (5 + 31 - -2) + p?
1
What is the thousands digit of -11 + (-13 - -18) + 4388?
4
Let x = 665 - -1485. What is the units digit of x?
0
Suppose -2*c - 3*t + 6*t - 11 = 0, 5*c + 5 = 3*t. Suppose 5*v - c*y + 13 = 0, 3*v - 3*y = -v - 16. What is the tens digit of (4 - 0)/(v/(-5))?
2
Let w = 5 - -2. Suppose 4*z = 3*z + 3. Suppose -w*o + z*o = -244. What is the tens digit of o?
6
Let q(d) = d**3 + 2*d**2 + 2*d - 7. Let a(w) = w**2 + w + 1. Let k(x) = 6*a(x) - q(x). What is the hundreds digit of k(-4)?
1
Let r(n) = -9*n - 2 - 5*n - n**2 - 7 + 2. Let l be r(-12). Suppose -2*q = -q - l. What is the units digit of q?
7
Let b(m) = 10*m**2 + 7. What is the units digit of b(2)?
7
Let h(v) = 20*v - 1. Let y be (-12)/(-10)*10/4. What is the units digit of h(y)?
9
Let i be 2/(((-4)/51)/(-2)). Suppose 3*d - 18 = -6*v + 3*v, -5*v = -2*d - i. What is the units digit of v?
9
Suppose -13665 + 350463 = 66*a. What is the thousands digit of a?
5
What is the tens digit of (2153 - 72/(-8)) + -6?
5
Let z be (-1)/2*(-3 - -1). Suppose 0 = -2*k + 7 - z. Suppose 3*a = -k*u + 42, 2*u + a - 38 = 4*a. What is the units digit of u?
6
Suppose 6*x - 737 - 205 = 0. What is the tens digit of x?
5
Let c(a) = -3*a + 29. Let o be c(18). What is the units digit of (60/o)/((-10)/125)?
0
Suppose 0 = -4*f + h + 2207, -23*f + 1103 = -21*f - h. What is the hundreds digit of f?
5
Let x be -4 - -2*(-15)/(-6). What is the units digit of (x + 1)/(-2 + 3)?
2
Let n(t) = -t**3 - 7*t**2 + 2*t + 7. Suppose d = -3*l - 8, -6*l - 20 = -d - 2*l. Let q = d + -12. What is the units digit of n(q)?
5
Suppose -3*m = 0, 29*a - 25*a + 3*m = 12700. What is the units digit of a?
5
Let u = -136 + 776. What is the tens digit of u?
4
Let m(r) be the third derivative of -r**5/60 + 5*r**4/24 - 4*r**3/3 + 5*r**2. Let l be m(7). Let y = l + 48. What is the units digit of y?
6
Suppose a + a - 4 = -2*c, 3 = 2*c + 3*a. Suppose 2*x - b - 40 = -2*b, 60 = c*x - 4*b. What is the tens digit of x?
2
Let n = -2 + 5. Let z be n - (3 + 2 + -2). Suppose 10 = -4*l - 2*y + 118, z = 5*l + 4*y - 129. What is the units digit of l?
9
What is the units digit of (-20296)/(-14) - 18/(-63)?
0
Suppose 0*u + 4*u - 4*r = -36, 0 = 5*u + 5*r - 5. Let b be u*3/(-6)*-1. What is the units digit of (12/(-15))/(b/10)?
4
Suppose -r + 1632 = c, 4*r - 7*r + 4892 = 4*c. What is the thousands digit of r?
1
Let a = 4 + 0. Suppose k - 191 = 5*r, -33 = r - a*k + 9. Let m = r + 76. What is the units digit of m?
8
What is the units digit of (-1377)/(-34) + (-9)/(-2)?
5
Let x(a) = 25*a**2 - 11*a - 24. What is the tens digit of x(-6)?
4
Let g be (1 - 0 - 2) + (0 - -3). What is the units digit of g + (-11)/6 + 1282/12?
7
What is the hundreds digit of (6 - -6)*271*(-6)/(-9)?
1
Let n(c) = c**3 + 3*c**2 + 2*c + 3. Let b be n(-2). Let v(g) = g**2 - 5*g + 4. Let q be v(5). What is the tens digit of 65/b - q/6?
2
Let u(s) = -s**2 - 20 + 0*s*